- 10. Let h(v) = -6*g(v) + 13*p(v). Let l be h(-6). Is t(l) a composite number?
False
Let a = 2969 + 1760. Is a a composite number?
False
Let r = 102 - 99. Suppose -2*y = -3*o + 2783, -r*o + 22 = -y - 2763. Is o prime?
True
Let b be 4/10 + (-80)/(-50). Let p = -1 - -1. Suppose m + 2*i - 105 = p, 6 = -b*i - 0*i. Is m a prime number?
False
Let b = 1880 + -2849. Let z = -484 - b. Suppose k - f = -3*k + z, 3*f = k - 124. Is k a composite number?
True
Let o(r) = 7 + 3*r**2 + 0 + 5*r + 4. Suppose 8 = -2*w + i, 2*w = 2*i - 7 + 3. Is o(w) a composite number?
False
Let i be (-18)/27 + 2/(-9)*-3. Suppose 4*q - 608 - 1080 = i. Is q composite?
True
Let g(p) = -38*p - 2. Let l be g(-5). Let w = l - 99. Is w a prime number?
True
Suppose 3*m - 5*f + 17 = -19, 5*f = -2*m - 24. Let h(g) = -7 - 1 - g + 1 - 5*g. Is h(m) prime?
False
Let c(h) = h**2 + 10*h - 27. Let v be c(-12). Is v + ((-971)/(-1) - (-15)/(-15)) composite?
False
Let x(z) = -774*z + 123. Is x(-11) a prime number?
False
Let w(q) = q**3 + 19*q**2 - 9*q + 36. Let k be w(-19). Suppose 4*s + s = 0. Suppose s = 7*u - 1642 + k. Is u a prime number?
False
Suppose 102*y - 97*y = 4805. Is y a prime number?
False
Let l(p) = -7*p**2 - 2*p**2 + 3*p - 6*p**2 + 19 - p**3 - 22*p. Suppose -28 = -0*f + 2*f. Is l(f) prime?
True
Suppose 23620 + 65833 = 13*f. Is f a prime number?
False
Let q(l) = l**2 - 2*l + 4. Let b be 7/(-2)*20/(-5). Let p = 23 - b. Is q(p) a prime number?
True
Let x(k) = k**2 - k + 23211. Let p be x(0). Is ((-10)/(-15)*1)/(6/p) prime?
True
Let o(n) = -417*n**3 + 4*n**2 - 4*n - 8. Is o(-3) a prime number?
True
Let h = -66 - -71. Suppose 1123 = h*c - n + 195, -5*c - n = -922. Is c a prime number?
False
Suppose 13*o = o. Suppose 5*l - 9*l + 1004 = o. Is l prime?
True
Let b(n) = 660*n + 4. Let k be b(-9). Let m be 32/144 + k/(-18). Suppose 4*v + 989 = 3*s, m = s - v - 0*v. Is s composite?
False
Let g = -179 - -284. Let c be (-504)/10*g/(-14). Suppose c = 3*v - 3. Is v composite?
False
Let x(n) = 48*n**2 - 3*n - 14. Is x(5) composite?
False
Let v(f) = -f**3 - 13*f**2 - 10*f + 8. Let k be v(-12). Is (-4236)/k + (-2)/(-8) a prime number?
False
Let l be (3 - 7)/8*-14. Suppose l = 5*a + 5*x - 63, -16 = -2*a + 4*x. Suppose a*b + 44 = 14*b. Is b composite?
True
Let v be 144 + (6/3)/(-2). Is (v - 1)*((-6)/4 + 4) prime?
False
Suppose 3*q - 19384 + 6625 = 0. Is q prime?
True
Suppose 6*q = -q + 35. Suppose q*a + 3*j - 1028 = 0, 3*a - 4*j - 610 = j. Is a a composite number?
True
Let o(c) = c**3 + 11*c**2 - c - 9. Let r be o(-11). Suppose -r*l - a - 9 = 0, -6*l + a - 6 = -3*l. Is 293 + -1 + (-2 - l) a composite number?
False
Suppose m - 5*i = 64202, 3*i - 64205 = -m + 7*i. Is m a prime number?
True
Let t be -24*(-3 + (-28)/(-8)). Is ((-2)/5)/(t/3930) prime?
True
Is (70 - -30357)/(1/1) a composite number?
False
Suppose 3*l = -0*l + 4*g + 2115, 0 = 3*g. Suppose 5*o - 2 = 8. Suppose a = -o*a + l. Is a a prime number?
False
Suppose 2*g - 5*w - 5114 = 0, -3*g + 4*w - 2*w + 7660 = 0. Suppose g = -10*i + 9642. Is i a prime number?
True
Let o = -117 - -133. Suppose o*f - 15407 = 9*f. Is f a prime number?
False
Let r = -8181 - -3997. Let c = r + 6793. Is c a prime number?
True
Let d = 8 - 5. Let u(j) = 2*j - 1. Let x(w) = 96*w - 2. Let y(c) = -3*u(c) + x(c). Is y(d) a composite number?
False
Let q(f) = -f**3 - 8*f**2 - 8*f + 3. Let j be q(-7). Suppose 4*o + 0 = -5*c + 2, 4*o + j = c. Is 52 + ((-4)/2)/o a composite number?
False
Let y(o) = -83*o**3 + 4*o**2 + 4*o + 2. Let b = -27 - -25. Let h be y(b). Suppose 2*w - h = -0*w. Is w composite?
False
Let y be 4/(-7) - (-77)/49. Suppose 5*b - 59 = y. Is (b + -14)/(1/(-17)) a prime number?
False
Is ((-13)/(520/16))/(4/(-56230)) prime?
True
Suppose 0 = 5*k - 8*h + 12*h - 237983, -4*k - 5*h + 190381 = 0. Is k prime?
True
Let b(a) = -361*a + 755*a + 374*a + 1. Is b(4) a composite number?
True
Let p(w) = -w**3 + 10*w**2 + 25*w - 19. Is p(9) a prime number?
False
Suppose -4*c + 36 = 2*c. Suppose 6 = -3*l, -785 = -3*s - 8*l + c*l. Is s prime?
True
Is (-417321)/(-7) + 100/(-350) a composite number?
False
Suppose 13*r - 51 = 16*r. Is r*2/(-4)*(-66)/(-3) a composite number?
True
Let p = 23689 + -8148. Is p prime?
True
Let c = 75 + 391. Suppose 5*v - 460 = -2*m, -m + 3*m = -2*v + c. Is m a prime number?
False
Suppose -3*h + 16 = -3*q - 2*h, 10 = -3*q - 5*h. Let s be -11669 - 4*q/5. Is s/(-45) + (-4)/18 prime?
False
Let t(d) = d**3 - 3*d**2 + d + 1. Let l be t(1). Is (7 - 56)*(l - 1) a composite number?
True
Suppose 11 = -b - 3*b + 5*j, -2*j + 17 = -3*b. Is b/((-27)/(-8166))*(-2)/4 a composite number?
False
Let f(c) = 15*c**2 - 16*c - 4*c**3 + 10*c**3 - 2 - 5*c**3. Let o be f(-16). Let i(y) = 21*y**2 - 3*y - 3. Is i(o) a composite number?
True
Is (1 + (-400916)/12)/(10/(-15)) composite?
True
Let y be 12*(940/(-8))/(-5). Suppose -p = 5*p + 960. Let i = p + y. Is i composite?
True
Suppose 1646 = t + 5*m - 883, 5114 = 2*t - 4*m. Suppose 2*x - c - t = 0, 3*x = 5*c - 911 + 4717. Let z = x - 532. Is z prime?
False
Is ((-5)/(-25))/((-2)/(-68030)) a prime number?
True
Let g = 5870 + 64293. Is g composite?
False
Let q = -5 - -11. Suppose 0 = -q*z + 12. Suppose -z*k + 170 + 0 = 0. Is k prime?
False
Let t(b) = 4*b**2 + 17*b + 2. Let s be t(-5). Suppose -21*j + 1228 = -s*j. Is j prime?
True
Is ((-8130)/18 - 2)*-3 prime?
True
Suppose -110*o = -87*o - 155273. Is o prime?
False
Let j = -1240 + 2793. Is j a prime number?
True
Let k be 3/(-12)*-4*1506/2. Suppose 0 = -2*q + k + 1921. Is q prime?
False
Suppose 12366 = -t + 10*t. Let k = t + 359. Is k a composite number?
False
Suppose 145130 + 25765 = 15*x. Is x a prime number?
True
Suppose 0 = -61*x + 57*x + 95860. Is x a composite number?
True
Is ((-4)/(-3))/(-2)*4929/(-2) prime?
False
Let s(x) = 55*x + 52. Let a be s(-21). Let z = -624 - a. Is z a prime number?
True
Let r be -1*(-5 - -256)/(-1). Suppose -2*q + r = -f, -5*q + 0*q + 4*f + 623 = 0. Is q prime?
True
Suppose 3*v - 4*u + 13 = 4*v, 2*u - 20 = -2*v. Suppose -v*j = -14*j. Is (-2)/(-6)*j - -209 composite?
True
Suppose -4*q + 19 = -1. Let v = 214 + -214. Suppose v*g + 385 = q*g. Is g a prime number?
False
Suppose -57 = -o - 2*l + 38, 410 = 5*o - 3*l. Is o composite?
True
Let h(a) = 74*a**2 - 4*a - 3. Is h(13) a composite number?
False
Suppose 2*j - 4 = -2*f, 3 = -2*f + 7. Suppose j*l - l - 10 = -3*v, -4*l = -2*v. Suppose -k - 3 = -4, l*s + 4*k = 750. Is s composite?
False
Is ((-23)/(1311/227278))/(4/(-6)) a prime number?
True
Suppose -4*r + 2*z = -2*r + 114, 224 = -4*r + 5*z. Let a = r - -240. Is a a composite number?
False
Suppose -3*v + 35634 = -29307. Is v composite?
False
Suppose -10*a + 12*a = 8. Suppose 5*r = -3*l + 2453, 0*r = a*r + 5*l - 1952. Is r prime?
False
Suppose -13*h = -12*h - 8779. Is h prime?
True
Suppose 0*k + 12 = 4*k. Suppose k*i = -3*o + 3525, 764 = 4*i + o - 3942. Is i composite?
True
Suppose 4*b + 13*k - 282280 = 12*k, -8 = 2*k. Is b a prime number?
True
Let q(b) = -b - 3. Let x be q(-8). Suppose x*f = -d - 71, 0 = -f - 3*f + 4*d - 52. Let l = f - -145. Is l composite?
False
Suppose -615 = -q + 2774. Is q a prime number?
True
Suppose -3*w - 1 + 235 = 0. Let p = w - 45. Is p a prime number?
False
Let n = 52678 - 29777. Is n a prime number?
True
Suppose 105 = 4*n + n. Suppose -4*f + 2*w = -2, -n = -4*f + 2*f - 3*w. Suppose 4*z + f*x = -x + 76, -3*x + 35 = 2*z. Is z a composite number?
True
Let d(m) = m**2 + 8*m + 2. Let k be d(-3). Let q(a) = -a - 9 + 8*a + 4*a - 4*a + a**2. Is q(k) prime?
False
Suppose 3*p - 9 = 4*p. Is 2859*((-12)/p + -1) composite?
False
Suppose 0 = 26*a - 1169844 + 136526. Is a composite?
True
Let f = -6454 + 3753. Let r = 4436 + f. Is r composite?
True
Let y be 3 - 3 - (-2 + 1 + 5). Is 31 - 6/y*2 prime?
False
Let v(x) = 13*x**2 + 22*x + 41. Is v(-8) composite?
True
Let v = 660 - -10126. Is v a composite number?
True
Suppose -6 = -i + 4. Let c = i - -43. Is c composite?
False
Suppose -4 = 2*l - 0*l. Let b(t) = -52*t**3 - t**2 + 3*t + 4. Let p(v) = 2*v**3 + v**2 - 1. Let k(x) = b(x) + 3*p(x). Is k(l) a prime number?
False
Let c = -6 - -1. Let g be (-36)/c*45/6. Let u = 49 + g. Is u composite?
False
Suppose -9*y = -151 - 965. Suppose 410 = 6*m - y. Is m a prime number?
True
Is 74972/6*(1 + 8/16) a prime number?
True
Let r = 27665 + -2836. Is r a prime num